d = -3 - 8. Let x = -8 - d. Let p be -1*1/x*-3. Let y(z) = -7*z + 1. Give y(p).
-6
Let z(g) = 11*g - 28. Let c(l) = -4*l + 10. Let f(a) = -8*c(a) - 3*z(a). Let t(m) = m**2 + 13*m + 13. Let j be t(-13). Let d = 19 - j. What is f(d)?
-2
Let b(g) = 73*g + 6. Let j be ((24/36)/(4/3))/((-22)/44). Calculate b(j).
-67
Let y(x) = x**2 - 1. Suppose 2*h - 84 + 14 = 0. Let k be h/7*(-1 + 2). Suppose -17 = -k*f + 3*g, 4*f - 16 = 4*g - g. What is y(f)?
0
Let z(x) = -2*x + 9. Let l(k) = -6*k - 1. Let m be l(-1). Suppose 4*a - 3*o = 52, -a - m*o + 25 = -11. Suppose -4*d - a = -6*d. What is z(d)?
-7
Let w(f) = -13*f + 1262. Let p be w(97). Let t(b) be the third derivative of b**6/20 + b**4/24 - b**2. Calculate t(p).
7
Let v be ((-150)/(-175))/((-6)/(-154)). Let k(u) be the third derivative of 0 - v*u**2 - 1/12*u**4 + 0*u + 1/15*u**5 - 1/2*u**3. What is k(-2)?
17
Let y(r) = -867972*r**2 + 1 - 5 + 0 + 867973*r**2 + 5*r. Let b(k) = 12*k**2 + k - 1. Let j be b(1). Suppose -l - l = j. Calculate y(l).
2
Let b(w) = 2*w**3 - 48*w**2 + 15*w - 117. Let y(f) = f**3 - 23*f**2 + 8*f - 53. Let k(m) = -6*b(m) + 13*y(m). Determine k(9).
-23
Let v = 288 - 286. Let b(h) = -h**2 - 3 + 4 - v*h + 5 - 5. What is b(-4)?
-7
Let v(g) = 36*g + 1. Suppose 202*f - 206*f - 3880 = 0. Let j = -971 - f. What is v(j)?
-35
Suppose 0 = -7*b - 34 - 120. Let n(f) = 15*f - 31. Let y(h) = -4*h + 8. Let o(a) = b*y(a) - 6*n(a). Determine o(7).
-4
Let b(k) = -7*k + 7. Suppose -25*s + 21*s + 2*q = -18, 5*q = 4*s - 9. What is b(s)?
-35
Let y(h) = -13*h - 16 + 28*h - 14*h. Suppose 28*w - 70 = 23*w. Determine y(w).
-2
Let a(z) be the second derivative of -z**4/12 - 13*z**3/6 - 11*z**2 - 3018*z + 1. Determine a(-8).
18
Let c(h) = -11*h - 9. Let t be c(-1). Let u(g) = g**3 - 812 + g - t*g + 809. Calculate u(0).
-3
Suppose -7*d = 2*d - 144. Let g be 271/(-3)*-9*d/6. Let v(a) = a - a**3 + 2168 + 7*a**2 - g. What is v(7)?
7
Let c(k) = 31*k - 60. Let f(a) = -12*a + 29. Let p(h) = 2*c(h) + 5*f(h). What is p(-11)?
3
Let o(x) = -6*x**2 - 41*x - 10. Let v(f) = -11*f**2 - 71*f - 17. Let r(k) = -7*o(k) + 4*v(k). Determine r(-1).
-3
Let u(y) = 119*y + 12. Let z be u(0). Let q(w) = w**2 - 11*w + 13. Give q(z).
25
Let q(h) = -h**3 - 2*h - 1. Let y = 91 + -46. Let s = -47 + y. What is q(s)?
11
Suppose 3*r = 2*c + 18, 3*c + 4 = -3*r + 7. Suppose 0 = x - 10 + 2. Let l(t) = -5*t**2 - t - 1 + 5*t**3 - 11*t**2 - 4*t**3 + 27*t**2 - x*t**2. Give l(c).
2
Let y(u) = 4*u**2 + u. Let b(s) = -s - 18. Let o be b(10). Suppose 0 = 13*v - 19*v - 162. Let j = o - v. Give y(j).
3
Let a(j) = 565*j**2 + 13*j. Let b(y) = -337*y**2 - 7*y. Let d(s) = 3*a(s) + 5*b(s). Calculate d(-1).
6
Let g(s) = s**3 - s**2 - 4*s + 10. Let o be g(7). Let r = o + -273. Let c(u) = -u**3 + 5*u**2 - 5*u - 2. What is c(r)?
1
Let z = 10190 + -10181. Let o(g) = -g**3 + 12*g**2 - 23*g + 11. Give o(z).
47
Let x = 199/2640 - -13/528. Let z(c) be the third derivative of 2*c**2 + 0 + x*c**5 + 0*c**4 + 0*c - 1/6*c**3. Determine z(1).
5
Let o(x) = -2*x**2 - 5*x + 9. Let h be 6 - (-5)/(45/(-10) - -4). What is o(h)?
-3
Suppose -5*n + 2*s = -15, 2*n - 2*s - 1 = 5. Let u = -1012 - -1015. Let v(d) = -2*d**n + d + d**3 + 2 + u*d**2 - 10*d**3 + 12*d**3. Give v(-3).
-1
Let p(i) = -4*i**3 - 2*i**2 - 69*i + 71. Let h be p(1). Let t(s) = 8*s + 261 - 261. Give t(h).
-32
Let l = 440 - 348. Let p = -94 + l. Let o(a) = 5*a**3 - 2*a**2 - 4*a - 3. Give o(p).
-43
Let t(r) = 6*r + 14. Let v(p) = 10*p + 18. Let y(f) = -8*t(f) + 5*v(f). Determine y(17).
12
Let l be 6*(-10)/75 - 568/(-10). Suppose -4*p + 8*p - l = 0. Suppose -13*t - 9 = -p*t. Let w(m) = -m + 5. Calculate w(t).
-4
Let i(w) = -w**2 + 11*w - 9. Let t = 4 + -4. Suppose -3*k - k + 40 = t. Let h be 45/k*2/3*3. What is i(h)?
9
Let z(m) = -m**2 + 12*m + 16. Let a be z(13). Let d(x) = 5 + 4 + x - x**2 + 6 + x**a. Let u = 423 - 423. Determine d(u).
15
Suppose 115*r + 423 = -150 + 113. Let b(m) = -m**3 - 8*m**2 - 5*m - 9. Determine b(r).
-53
Let d(m) be the second derivative of -m**4/4 + 13*m**3/6 + m**2/2 + 2521*m. Determine d(5).
-9
Let z be (-6)/(-9) + 44/6. Let j be 42/(-12)*((-85)/(-35) + -3). Let r(f) = -3 + j + 77*f**2 - 76*f**2 - z*f. Give r(6).
-13
Let c(f) be the first derivative of 5*f**4/12 - f**3/2 - 3*f**2/2 + 127*f - 68. Let y(j) be the first derivative of c(j). Determine y(-2).
23
Let f(c) be the second derivative of c**2 + 7*c + 1/6*c**3 + 0 + 1/12*c**4. Suppose 16 = -5*i + 2*p, 0 = -3*i + 2*p - 3*p - 3. What is f(i)?
4
Let r(a) = -5 - 5*a**2 - 9*a + 26*a - 3*a - 12*a + 6*a**2. Give r(-3).
-2
Let h(c) = c**3 + c**2 - 3*c + 3. Suppose 4*i - 5*w + 21 = 54, -5*i + w + 15 = 0. Let l be (-2)/(-4) + (-45)/i. Let x = -20 - l. Calculate h(x).
9
Let g = -2623 - -2625. Let v(k) = 2*k**3 - 2*k**2 + k - 1. What is v(g)?
9
Let u = -181 - 41. Let y = -219 - u. Let o(c) = -c**3 + 3*c**2 - 3*c + 2. Give o(y).
-7
Let r(a) = -5*a**2 + 16*a - 13. Let j(o) = -7*o**2 + 16*o - 7. Let p(t) = 2*j(t) - 3*r(t). What is p(15)?
10
Let v(y) be the first derivative of 2*y**3/3 + 5*y**2 - 22*y + 1288. Determine v(-7).
6
Suppose 6*k = 2*v + 8*k + 286, 3*v + 439 = -5*k. Let m = -146 - v. Let g(f) be the first derivative of f**3/3 + 4*f**2 + 2*f + 1. What is g(m)?
2
Let r(c) be the first derivative of c**4/4 - 4*c**3/3 - 15*c - 717. Determine r(5).
10
Let j(h) = -3*h. Suppose 46 = -9*s + 28. Suppose 2 = -b - 4. Let f be 1*3/s*(-8)/b. Determine j(f).
6
Suppose -212 = -31*i - 26. Suppose -5*u + 22 = -4*d, -u = -2*d + i - 14. Let y(k) = 5*k**2 - 3. Determine y(d).
42
Let u = -4 - -8. Suppose -u*p + 4 = 2*n, -5*p + 5*n + 30 = -5. Let q(r) be the third derivative of -r**4/12 + r**3/3 - 2*r**2 + 2*r - 534. Calculate q(p).
-4
Let d = -8 - -15. Let v(z) = z**3 - 13*z**2 - 33*z + 2. Let w(s) = s**3 - 12*s**2 - 25*s + 3. Let o(x) = 4*v(x) - 5*w(x). Give o(d).
-7
Let t(w) = 58 - 18 - 14 - 18. Let m(l) = -l - 9. Let h(u) = -3*m(u) - 4*t(u). Determine h(4).
7
Let q(k) = k**2 + 3. Let g(h) be the first derivative of 10*h - 52. Let z(d) = -g(d) + 3*q(d). Calculate z(-3).
26
Let h(d) be the second derivative of d**4/4 - d**3/2 + 3*d + 617. Let l(x) = -x - 5. Let b be l(-7). Determine h(b).
6
Let k be (4 + -22)/(7 - 6). Let z(c) = -c**3 - 19*c**2 - 14*c + 11. Calculate z(k).
-61
Let p be ((-456)/(-9))/((-2)/(-60)*4). Suppose -p = 3*n - 7*n. Let f be (-57)/n*(-1 - 14/6). Let c(s) = -2*s**3 + 2*s**2 + s + 2. What is c(f)?
-4
Let p(g) be the third derivative of -g**9/60480 + g**7/5040 + 29*g**6/720 + g**5/20 + 99*g**2. Let j(m) be the third derivative of p(m). Calculate j(0).
29
Let r be -5 - (44/12 + -3)/1*-3. Let u(c) = -12*c + 22. What is u(r)?
58
Let p(t) be the second derivative of t**3/6 - 5*t**2 + t. Let z = 7783 + -7775. What is p(z)?
-2
Let z(b) = 4*b**2 + 2*b**3 - b**3 - 10*b**2 + 19*b**2 + 4 - 14*b. Let t be z(-14). Let m(c) = -c**2 + t*c - 13*c + 31 - 31. What is m(-8)?
8
Let o(l) = 3*l**2 - 36*l + 46. Let v(b) = -b**2 + 3*b - 1. Let z(j) = -o(j) - 6*v(j). Let q be z(2). Let w(y) = y**3 - 7*y**2 - 8*y. What is w(q)?
0
Let t(r) be the first derivative of 1/3*r**3 - 2*r**2 + 65 - 5*r. Give t(6).
7
Let t(l) be the second derivative of -6*l + 1/20*l**5 - 1/3*l**3 - 1/3*l**4 + 0 - 2*l**2. Determine t(3).
-19
Let q(z) = -z**3 - 10*z**2 - z - 11. Let d be q(-10). Let v = 12 - d. Let a(o) = 9*o**2 - v*o**2 - 3*o + 4 + 3*o**2. Calculate a(-3).
4
Let s(w) be the second derivative of -w**5/4 - w**4/12 + w**3/3 - w**2/2 - 2*w + 822. Suppose -3*x + 0*x - 5*b - 2 = 0, 0 = -4*b - 4. Give s(x).
-5
Suppose -11*o = 4*o - 30. Let n(t) = o - 840*t + 4*t**2 - 5*t**2 + 836*t. Calculate n(-4).
2
Let p(d) = 35*d + 25. Let o be ((1/7)/((-68)/(-238)))/(3/(-6)). Calculate p(o).
-10
Let g(h) be the first derivative of -h**4/4 + 5*h**3/3 + 3*h**2 - 5*h + 1. Suppose -3625 = -8*r - 3577. Suppose -32*l + 33*l = r. What is g(l)?
-5
Let p = 1 - 7. Let r(g) = 1128*g - 13. Let y(x) = -410*x + 5. Let i(v) = 4*r(v) + 11*y(v). Determine i(p).
-9
Let g(q) = q + 22. Let j(d) = -2*d**2 + 5*d + 31. Let c be j(-4). Give g(c).
1
Let a = -15 + 5. Let f(j) be the first derivative of 11/3*j**3 + 11/2*j**2 - 6 + 1/4*j**4 + 8*j. Determine f(a).
-2
Let x be (285/171)/((-4)/(-36)). Let g(l) be the third derivative of 1/2*l**3 + 1/12*l**4 + 1/30*l**5 + 0*l + 0 - x*l**2 + 1/120*l**6. What is g(-2)?
-1
Suppose 